 = 7*m - 36. Let t(x) = 2 - r*x**2 + 0 - 7*x**3 - 2 - 6*x - 11. Is t(-8) composite?
True
Let r(m) = -95432*m + 4479. Is r(-14) composite?
False
Let x = 14 + -7. Let f(o) = 741 + 5*o**2 + 2*o**2 + o - 744 - 7*o. Is f(x) a prime number?
False
Suppose 31*o - 12 = 27*o. Suppose 2*d - o*y = 11, 3*d - 6*d - 4*y = -8. Suppose -4*x + 4019 = -x - 4*w, -4*w - 5364 = -d*x. Is x a composite number?
True
Let a = 2415330 - 970387. Is a a composite number?
False
Suppose 4*t = -5*y + 10920 - 2482, 3*t = 2*y + 6317. Let j = -746 + t. Is j composite?
False
Suppose -2*g = -248 - 1776. Suppose -g = -d + 1464. Suppose -4*z + d = 5*o, -1838 = -3*z + 4*o - 3*o. Is z prime?
False
Is ((-585)/(-36))/(-13) - (-528867)/12 a composite number?
False
Suppose 1015200 = 3*s + 3*f, -3*s - 10*f + 1282371 - 267164 = 0. Is s composite?
True
Suppose -9081331 - 384982 = -19*q. Is q composite?
False
Suppose 0 = -4*a - 5*r + 3, -4*a - 8 = -r - 17. Is (99507/41)/(1 + a) a prime number?
True
Let h be (107775/(-30) + -1)/(1/24). Is (3 - 3) + h/(-12) prime?
True
Suppose -5*a = -20001 - 8209. Let i = a - 3139. Is i a prime number?
True
Let s(z) = -29 + 787*z + 8 + 3215*z + 3638*z. Is s(2) a composite number?
False
Suppose -5*u + 13428 + 687863 = 3*o, 0 = 5*o - 10. Is u a prime number?
False
Let i = -30442 - -102203. Is i a composite number?
False
Suppose -5*g - 9428 = -7*g. Suppose 0 = -4*b - g - 814. Let x = b - -2091. Is x a composite number?
False
Let b(w) = -4*w**2 + 71*w + 33. Let z be b(21). Let k = z - -874. Is k a prime number?
False
Let o = -8 - -10. Suppose 0 = 4*a, -y + 3*a = 5*a - 279. Suppose -4 = -r, q - o*r - 180 = y. Is q composite?
False
Let d(v) = v**2 - 18*v + 76. Let j be d(8). Is (-3 - -5)/(j/(-25446)*3) prime?
True
Suppose -52 = -5*p - 0*l + l, -5*l - 10 = 0. Suppose -74*a + 76*a - p = 0. Is (12/(-15))/(a/(925/(-2))) composite?
True
Suppose 4*y + 3*b = 30, -b = 3*y - 3*b - 14. Suppose y*x - 3 = 3*x, 0 = -f + 2*x + 417. Is f a composite number?
False
Let g be 7/(-21) + (-2)/(6/2213). Suppose 0*t = -2*t - 2282. Let p = g - t. Is p prime?
False
Let d(y) = 5*y**3 + 25*y**2 - 34*y + 145. Is d(17) composite?
False
Let f be 6/(4 - 6) + 3. Suppose 5*u = 3*n + 9194, -3*u + f*n = n - 5508. Is u prime?
False
Let l be (-11 + -1)*(5 + (-890)/6). Suppose u + 0*u = -5*a - l, -3*a + 3453 = -2*u. Let n = u + 2470. Is n composite?
True
Let t = 6337 + -6336. Let r be (-26)/8 - (-1)/4. Is (t*-34 + r)/(2/(-34)) prime?
False
Suppose 0 = 2*h - 4*t - 44782, -2*h + 6*h - 3*t - 89554 = 0. Let k = 36210 - h. Is k prime?
False
Let f(a) = 3*a**3 + 19*a**2 - 4*a + 35. Let h(p) = -p**2 - 13*p - 24. Let q be h(-9). Is f(q) a prime number?
True
Let n(y) = -y**3 + 25*y**2 + 13*y + 42. Let p(w) = w**3 - 25*w**2 - 14*w - 41. Let b(v) = -3*n(v) - 4*p(v). Is b(21) composite?
True
Let t = 3957 - 5807. Let i = 4584 + t. Is i a composite number?
True
Let d = -309 + 300. Is -5 - 4515/(-28) - d/12 prime?
True
Let w = 95021 - 40152. Is w a prime number?
True
Let x(g) = -3110*g - 1137. Is x(-4) prime?
False
Let s(i) = -541*i + 7. Suppose 4*o + 9 = -5*y, 5 = -8*y + 3*y. Let r be s(o). Suppose 4*k - 2*k = r. Is k a composite number?
True
Suppose 7*x + 59 = -74. Is (-2)/x + 149830/38 a composite number?
False
Let c(k) = -2*k**2 + 17*k - 48. Let y be c(7). Is (y/(-15))/((-3)/(-21745)) a prime number?
False
Suppose -2*l - 2*l = -5*b - 44, -b = 3*l - 33. Suppose 4420 = -6*c + l*c. Suppose -4*i + i = 2*o - c, -3*o + 1339 = -2*i. Is o a prime number?
False
Suppose -3*s = -66*s - 93870. Let n = -301 - s. Is n prime?
False
Let h(i) = 12*i + 2. Let n be h(1). Let o be (1/(-2))/(n/(-5740)). Suppose 433 + o = 5*u - 3*j, -u - 5*j + 122 = 0. Is u a composite number?
False
Let n(w) = 1512*w - 18. Let i be n(5). Suppose -17*a = -26*a + i. Is a a composite number?
True
Let t = 36498 - 25301. Is t a composite number?
False
Let t(p) = 111*p**2 - 30*p - 156. Suppose 0 = 27*m + 189. Is t(m) a composite number?
True
Suppose 0 = -4*f + 8*f. Let l(j) = 71*j - 211. Let n be l(3). Suppose -3*z + 3*b - b + 863 = f, -579 = -n*z + 5*b. Is z a composite number?
True
Is 222944 - 10 - (-1 + 0) composite?
True
Let v be 3*(-4 - -2) + -3. Let w(r) = 99*r + 20. Let i be w(v). Let h = i - -1280. Is h composite?
False
Let t = 13 + -3. Suppose t*r - 8*r - 5*f - 8862 = 0, 0 = -5*r + f + 22132. Is r prime?
False
Let c(l) = 1126*l**2 + 97*l + 1083. Is c(-14) prime?
True
Suppose 0 = -g + 2124 - 6022. Is g/3*(1 - 51/6) composite?
True
Let j(s) be the first derivative of 1947*s**3 - 9*s**2 + 16*s + 126. Is j(1) prime?
True
Suppose -3*x - 501 = 2*f - 2*x, 3*f + 769 = -5*x. Let w = -356 - f. Let z = 481 + w. Is z prime?
True
Is (-5)/(-4) - 6543005/(-1420) prime?
False
Suppose 0 = -2*c - 23*k + 21*k + 193030, -386062 = -4*c - 3*k. Is c a composite number?
False
Suppose 4*q = 6*q + t - 446266, -4*q + 2*t + 892548 = 0. Is 5*5/100 + q/20 a composite number?
True
Suppose -5*a - 304*j + 307*j = -198665, 5*j = -a + 39733. Is a a composite number?
False
Suppose 0 = 14*f - 5*f + 160695. Let z = 1426 - f. Is z prime?
False
Suppose l = 5*b + 11018, -2*l - 2*b + 4322 + 17678 = 0. Is l composite?
False
Suppose -r + 31862 = x, 61*x + r + 159304 = 66*x. Is x a prime number?
False
Is 20/(-30)*1228698/24*-2 prime?
True
Suppose 16*t = 80974 + 166914. Is t prime?
True
Suppose 0 = -13*d + 47 - 8. Let c(y) = 118*y**3 - 5*y**2 + 4*y + 10. Is c(d) a composite number?
False
Let j be (30/(-9))/(8/(-84)). Let p = -37 + j. Is p/5 - 4/((-40)/5174) a prime number?
False
Let q be (-4)/((-8)/(-2230)) + -1. Let n = -530 - q. Is n a composite number?
True
Let w(r) = 1655*r - 1383. Is w(14) composite?
False
Is (12/24)/((-2861075)/715270 - -4) composite?
False
Suppose 0 = -21*v + 3063159 + 1340898. Is v composite?
False
Suppose 3*g = 2*d + 2*d + 156, -3*d - 118 = -2*g. Let q = 43 - d. Suppose 3*y - 5*b = 347, y + 5*b = 44 + q. Is y a composite number?
True
Suppose -5*d - 5*h - 20 = 0, -2*d = -5*d + 3*h + 12. Suppose -11*r + 1972 + 2527 = d. Is r composite?
False
Let g(u) = 2*u**2 - 28*u - 8. Let t be g(18). Suppose 129*i - t*i = -24542. Is i a prime number?
False
Is 289361 - -2 - (44 + -2)/7 a prime number?
False
Let q be (-110892)/(-15) - 5/(-25). Let y be 2969/2 - (-6)/8*-2. Suppose v + 4*v = 4*n + q, -v + 3*n = -y. Is v a prime number?
False
Suppose 0 = 10*g - 11*g - 50. Let m = g + 56. Is ((-6296)/12)/(m/(-9)) composite?
False
Suppose 40546 + 782 = -9*x. Let o = -2661 - x. Is o composite?
False
Let w = 315521 + -122604. Is w a prime number?
True
Suppose c - 3*d = -3*c - 11568, -5*c + d - 14460 = 0. Let p = c + 1738. Let z = -67 - p. Is z composite?
False
Suppose -d + 0*p + p = -42, 0 = -5*d + 2*p + 204. Suppose c + 9 = -w - 5, -5*c - d = 3*w. Let s = w + 134. Is s prime?
False
Suppose 2*k + 8579 = p + 24798, -4*k - 2*p + 32426 = 0. Let c = k + 2663. Is c a prime number?
True
Let k be (-3)/(0 - -1) + 1 - 2. Let g be (-2 - 6)/k + 2. Is 214 - ((-3)/(-4)*g + 0) a prime number?
True
Let z = -50 - -55. Suppose 4*d + 16 = 0, z*y + d = 2*y + 2. Suppose -2*r - 4 + y = 0, 5*u - r = 5816. Is u composite?
False
Let d(p) be the third derivative of 19*p**5/60 + p**4/12 + 9*p**3/2 - 22*p**2. Is d(8) prime?
True
Suppose -4*y - 19*y + 7103351 = -9199256. Is y a composite number?
True
Let p(b) = b**3 - 3*b**2 - 8*b - 2. Let o be p(6). Suppose -o*m = -59*m + 6691. Suppose 8353 = 4*h - m. Is h a composite number?
False
Let x = 58328 + -34935. Is x a prime number?
False
Let z(r) = -15*r - 88. Let o be z(-6). Suppose -3*u = 2*j - 14221, -10*u + o*j = -6*u - 18966. Is u prime?
False
Suppose -247787 = -3*d - 4*q, -d + q + 100044 - 17439 = 0. Is d a prime number?
True
Let z = 89659 - -77982. Is z a composite number?
False
Suppose 126*c - 345 = 411. Let v(r) be the third derivative of 197*r**4/24 + 31*r**3/6 - 2*r**2. Is v(c) composite?
False
Suppose -2*l - 156 = -3*h, 156 = 3*h + 6*l - l. Let u = h - 56. Let y(b) = 94*b**2 - b - 1. Is y(u) a prime number?
False
Suppose 2*r + 0*r + 5*t - 40374 = 0, 4*r + 3*t - 80776 = 0. Is r a prime number?
False
Let s(x) = 27282*x + 45 - 27290*x - 184. Is s(-24) prime?
True
Suppose -41725 + 11404 = -27*i. Suppose -2*a - 3*t + i = 0, 5*a + 4*t - 104 = 2686. Is a prime?
False
Let d = 25464 + -47989. Let m be d/(-3) + (-14)/(-21). Suppose 3*w - 7509 = 2*o - 7*o, 3*w = 5*o + m.